 f = x - 38. What is the tens digit of f?
4
Suppose 5*y - 1008 = -y. What is the units digit of y?
8
Suppose -581 = -4*p - 21. Suppose -37*q + 42*q = p. What is the tens digit of q?
2
Suppose -y + 4 = -o - 2, 28 = 5*y - 4*o. Let z be (-6)/6*(-16)/1. What is the tens digit of (-4)/z + 61/y?
1
Suppose -4*y + 94 = -106. Suppose -41*u - 66 = -35*u. Let l = y + u. What is the tens digit of l?
3
Suppose 0 = -4*g - 4*c - 428, -3*g + 2*c - 202 = 119. Let n be g/7 - (-14)/49. What is the units digit of (n/3)/((-4)/16)?
0
Let m(f) = -3 - f**3 - 5*f**2 + 3*f + 4 + 2*f**3. Let a be m(4). What is the units digit of ((-2)/(-3))/(a/(-27))?
6
What is the tens digit of -31 - -33 - (-266)/2?
3
Let k = -585 + 1398. What is the units digit of k?
3
Let s = -44 - -48. Suppose s*d + 83 = 2*b - 91, -2*b - 5*d + 174 = 0. What is the tens digit of b?
8
Suppose -f + 2*z - 18 = -3*z, 0 = -2*z + 8. Suppose -f*n - r = -0*r - 146, 0 = 5*n + 3*r - 366. What is the units digit of n?
2
Let g = -20 - -23. Suppose -6*a + 78 = -3*a + 3*v, -a - g*v = -36. What is the tens digit of a?
2
Let o be 24/10*(-1 + 6). Let v = 929 + -1031. What is the units digit of (v/4)/((-6)/o)?
1
Let x(c) be the third derivative of 3*c**5/20 - c**4/24 - 5*c**3/2 - 24*c**2. What is the tens digit of x(-3)?
6
Let s be (-240 + -3)/3 + -4. Let g = s - -162. What is the tens digit of g?
7
Let c(t) be the first derivative of -t**4/4 + 17*t**3/3 + 11*t**2/2 + 3*t + 9. What is the tens digit of c(17)?
9
Let z be (-3)/(-4 - (-10)/4). Suppose -3*i - l + 105 = -4*l, -z*l + 120 = 3*i. What is the units digit of i?
8
Let y(l) = -2*l + 3. Let w be y(0). Suppose 4*q + w*s = 4*s + 12, 0 = q - 5*s - 3. Suppose -3*c - c + 94 = q*b, -5*b + c + 149 = 0. What is the tens digit of b?
3
Suppose -5*v = -4*y - 28, -1 = -3*y - v - 3. Let c be (-141)/27 - 4/(-18). What is the tens digit of (y/4)/(c/370)?
3
Let r be (11/4)/((-1)/8). Let i = -14 - r. Suppose 2*g + 3*h = 122 - 24, 0 = 4*h - i. What is the units digit of g?
6
Let h = 6601 - 3554. What is the hundreds digit of h?
0
Let z(d) = d**3 - d**2 - d - 1. Let p(c) = -2*c**3 - 4*c**2 + c + 9. Let n(i) = p(i) + 3*z(i). What is the tens digit of n(8)?
5
Let g = -15 - -104. Let n = 20 + g. What is the tens digit of n?
0
Let h be (-2)/(-1) - -125 - -1. Let m(q) = -q - 3. Let d be m(-5). Suppose d*y - h = -0*y. What is the units digit of y?
4
Suppose -8*z - 5*r + 1540 = -3*z, 0 = -5*z + 2*r + 1512. Suppose 2*p - 4*m - z = 0, m - 456 = -3*p - 2*m. What is the units digit of p?
2
Let f(u) = 130*u - 147. What is the hundreds digit of f(7)?
7
Suppose 14*g + 2595 = 29*g. What is the units digit of g?
3
Let y(t) be the first derivative of t**6/40 + t**5/40 + 4*t**3/3 + 7. Let o(x) be the third derivative of y(x). What is the units digit of o(-2)?
0
What is the tens digit of ((-136238)/85)/(4/(-10))?
0
Suppose 0 = 30*z + 9*z - 49725. What is the tens digit of z?
7
Suppose -604 = -2*f - 3*m + 5*m, -3*f - 3*m + 912 = 0. What is the tens digit of f?
0
Suppose -3*y = -5*a - 4*y + 1377, 4*a = -y + 1101. What is the hundreds digit of a?
2
Suppose 3*p + 22 = 25. Let w be 6 - (2 + -1 + 1). Suppose p = w*z - 179. What is the tens digit of z?
4
Let y be (-7183)/(-22) - (-3)/2. Suppose -y - 50 = -5*l - z, -2*l = 2*z - 148. What is the tens digit of l?
7
What is the tens digit of 1 + 8/((-8)/(-315))?
1
Let d = 6003 + -3157. What is the tens digit of d?
4
Let u be (3 - 5)*411/(-6). Let k = u + -82. Let t = k + -28. What is the units digit of t?
7
Let a = -112 - -166. Suppose -4 = -4*q, y - 2*q - a = -4*q. What is the units digit of y?
2
What is the tens digit of (3*5/(-10))/(2/(-252))?
8
Let v = 19 + -16. Suppose v*z - 3*h - 678 = -h, 0 = 4*z - 5*h - 904. What is the hundreds digit of z?
2
What is the units digit of (-6 - 1471)*(8 + -10)?
4
Suppose -11*c + 176 = 66. What is the units digit of c?
0
Let s(w) be the third derivative of -w**6/120 + 11*w**5/60 - w**4/3 + 2*w**3 + 23*w**2. What is the tens digit of s(9)?
0
What is the units digit of (-6 - -766) + 1*-7?
3
Let t(c) = c**2 - 17*c - 12. Let a be t(17). What is the tens digit of (-1740)/(-72) - ((-2)/a)/1?
2
Let i(j) = 2*j + 4. Let r = -14 + 16. Suppose 5*p - 25 = 0, 3*h + 16 = 4*h + r*p. What is the units digit of i(h)?
6
Suppose -10 = j - 30. Suppose -t + 84 = l + j, -l + t = -56. What is the tens digit of l?
6
Let u = -43 - -36. What is the units digit of (-4)/((3 - (-2 - u))/29)?
8
Let d(k) = 5 + 4*k - 4 - 5*k + 15*k. Let w be d(-6). Let z = 120 + w. What is the tens digit of z?
3
Let u(i) be the first derivative of 5*i**2/2 + i + 7. What is the units digit of u(16)?
1
Suppose 0 = 13*d - 198 - 5847. What is the tens digit of d?
6
Let d(p) = 375*p**2 - 4*p - 4. What is the tens digit of d(-1)?
7
Let f(v) = v + 13. Let p(x) = x**3 + x**2 + x. Let u(i) = 2*i**3 - i**2 + 5*i - 4. Let c(h) = -3*p(h) + u(h). Let o be c(-5). What is the tens digit of f(o)?
2
Suppose 0 = 6*g - 18 - 0. Suppose 3*w - 162 = -g*p + 7*w, 2*p - 108 = -5*w. What is the units digit of p?
4
Suppose 4*p + 1 = 3*z, -3*p - 9 = -5*z - 0*p. Suppose -2 = -2*x + 3*o + 18, 0 = -3*x + z*o + 24. What is the tens digit of 102/12*x/2?
1
Let w(x) = -x**3 - 12*x**2 - 14*x - 12. Let o be w(-11). Suppose -3*q - o = 9. What is the units digit of 5 + q/(-5) + -3?
4
Let t = -425 - -663. Suppose 7*j = 735 + t. What is the tens digit of j?
3
Let c = 303 - -78. What is the units digit of c?
1
Let k(h) = h**3 - h + 564. Let j be k(0). Suppose -f + 4*f = j. What is the units digit of 2/(-4) - f/(-8)?
3
Let m = 524 - 216. Let w = -178 + m. What is the tens digit of w?
3
Let g be 22/55 + 64/(-10). Let u be (-10)/g - 28/(-21). Let h(a) = 4*a**3 - 3*a**2 - 3*a - 2. What is the units digit of h(u)?
0
What is the hundreds digit of 1 - ((-2193)/6 + 5/(-10))?
3
Let t(q) = -10*q - 76. Let r be t(-8). Suppose r*a + a = 75. What is the units digit of a?
5
Let n(z) = -46*z + 975. What is the tens digit of n(0)?
7
Let y = 512 - 233. What is the tens digit of y?
7
Let u(c) = c**2 - c + 8. Let s be u(9). Suppose -2*h + 310 = -s. What is the hundreds digit of h?
1
Let o be (2/6)/(5/60). Suppose 5*a - o = a. Suppose -5*d + 121 - a = 0. What is the units digit of d?
4
Let k(y) = -2*y**2 - 15*y + 6. Let j be k(-6). Let d = 40 - j. What is the tens digit of d?
1
Suppose 2673 = -5*h - 727. Let f = -353 - h. What is the hundreds digit of f?
3
Let w(i) = -i**2 - 9*i + 13. Let r(l) = 3*l - 38. Let g be r(11). What is the units digit of w(g)?
3
Suppose -6*y + 3097 = 931. What is the tens digit of y?
6
Suppose -392 = -7*t - t. What is the tens digit of t?
4
Let y = -78 + 66. Let p(q) = -q**3 - 14*q**2 - 29*q - 24. What is the tens digit of p(y)?
3
Let j(z) = -2*z + 3. Let i(m) = 4*m - 5. Let o(s) = -4*i(s) - 10*j(s). What is the tens digit of o(5)?
1
What is the hundreds digit of -1 + 166 + (18 - 11)?
1
Let f be 44 - (-1 - (-4)/(-4)). Suppose -188 = 3*t + f. What is the tens digit of 8/32 + t/(-8)?
1
Suppose -13*q + 1996 - 449 = 0. What is the units digit of 7 + (3 - 6) + q?
3
Let z(r) = 24*r - 42. Let p be z(2). Let l(k) = k**2 + 2*k + 3. Let s be l(4). Suppose 0 = -4*c + p*w - w + 134, c + 2*w - s = 0. What is the tens digit of c?
3
Suppose -13*g - 11670 = -18*g - 2*b, 0 = -4*b - 20. What is the tens digit of g?
3
Suppose -5*p - 4*c = -21, 3 + 1 = c. What is the units digit of 4 + 132 + 4 + p?
1
What is the tens digit of ((-21)/(-6) - -1)/((-6)/(-1692))?
6
Suppose 38*r - 11774 = 13040. What is the hundreds digit of r?
6
Let x(t) = t**3 - 5*t**2 + 2*t - 8. Let j be x(5). Suppose -7*o = -j*o - 15. What is the units digit of o?
3
Let p be 3/(-2)*56/(-21). Suppose -12*a + 472 = -p*a. What is the units digit of a?
9
Suppose 5*d = 2*k + 4*d - 9, -5*d = 4*k + 17. Suppose -k*z = 2*z + 2*c - 218, -4*c - 59 = -z. What is the units digit of z?
5
Suppose -17272 = -28*y - 5344. What is the tens digit of y?
2
Let l(j) = -4 + 11*j**2 - 3 - 9*j + 3*j**2 + 12*j. What is the tens digit of l(2)?
5
Suppose -123*p + 117*p + 852 = 0. What is the units digit of p?
2
Let f(k) = -13 + k + 0*k - 2*k - 3*k. What is the units digit of f(-11)?
1
Let l be 2 - (12/3 - 309). Let k = l - 180. What is the hundreds digit of k?
1
Let v = 330 + -48. What is the units digit of v?
2
Let w = -1227 - -2986. What is the hundreds digit of w?
7
Let p = -37 - -